{"id":619,"date":"2016-10-20T04:14:55","date_gmt":"2016-10-20T03:14:55","guid":{"rendered":"http:\/\/www.varjo.es\/?page_id=619"},"modified":"2016-10-20T05:57:15","modified_gmt":"2016-10-20T04:57:15","slug":"foretag","status":"publish","type":"page","link":"https:\/\/www.varjo.es\/index.php\/sv\/foretag\/","title":{"rendered":"F\u00f6retag"},"content":{"rendered":"<p><span style=\"color: #0000ff;\">Beg\u00e4r offert p\u00e5 nedanst\u00e5ende tj\u00e4nster!<br \/>\n<\/span><\/p>\n<p><span style=\"color: #3366ff;\"><span style=\"color: #0000ff;\"><span id=\"result_box\" class=\"\" lang=\"en\"><span title=\"Espanja toistaiseksi varauksella. \">Arbetsspr\u00e5k engelska och finska, Spanska tillsvidare med reservation.<br \/>\n<\/span><\/span><\/span><!--more--><\/span><\/p>\n<h2><span id=\"result_box\" class=\"\" lang=\"en\"><span title=\"Palvelut elektroniikkateollisuudelle \u00a0\u00a0\u00a0\u00a0\">Tj\u00e4nster f\u00f6r elektronikindustrin<img decoding=\"async\" loading=\"lazy\" class=\"alignright wp-image-460 size-medium\" src=\"http:\/\/www.varjo.es\/wp-content\/uploads\/2016\/05\/electronic-1240807-300x200.jpg\" alt=\"electronic-1240807\" width=\"300\" height=\"200\" srcset=\"https:\/\/www.varjo.es\/wp-content\/uploads\/2016\/05\/electronic-1240807-300x200.jpg 300w, https:\/\/www.varjo.es\/wp-content\/uploads\/2016\/05\/electronic-1240807-768x512.jpg 768w, https:\/\/www.varjo.es\/wp-content\/uploads\/2016\/05\/electronic-1240807-1024x683.jpg 1024w\" sizes=\"(max-width: 300px) 100vw, 300px\" \/><\/span><\/span><\/h2>\n<ul>\n<li><span id=\"result_box\" class=\"\" lang=\"en\"><span title=\"Ohjelmistona Cadsoft Eagle \u00a0\u00a0\u00a0\u00a0\">RF och Elektronikplanering. Som program anv\u00e4nds Cadsoft Eagle<br \/>\n<\/span><\/span><\/li>\n<li><span id=\"result_box\" class=\"\" lang=\"en\"><span title=\"Mekaniikka suunnittelu ja mallinnus 3D:n\u00e4 ProE:ll\u00e4 sek\u00e4 2D:n\u00e4 AutoCad:ll\u00e4 \u00a0\u00a0\u00a0\u00a0\">Mekanik planering och modeller i 3D med ProE samt i 2D med AutoCad<br \/>\n<\/span><\/span><\/li>\n<li><span id=\"result_box\" class=\"\" lang=\"en\"><span title=\"Prototyyppien ja tuotannon alkusarjojen hankiminen \/ j\u00e4rjest\u00e4minen \u00a0\u00a0\u00a0\u00a0\">Anskaffning\/ordnande av prototyper och inledningsserier<br \/>\n<\/span><\/span><\/li>\n<li><span id=\"result_box\" class=\"\" lang=\"en\"><span title=\"Prototyyppien evaluointi ja testaus \u00a0\u00a0\u00a0\u00a0\">Bed\u00f6mning och testning av prototyper<\/span><\/span><\/li>\n<li><span id=\"result_box\" class=\"\" lang=\"en\"><span title=\"Tuotantodokumentaation j\u00e4rjest\u00e4minen \u00a0\u00a0\u00a0\u00a0\">Ordnande av produktionsdokumentation<\/span><\/span><\/li>\n<li><span id=\"result_box\" class=\"\" lang=\"en\"><span title=\"Tyyppitestaus (EMC ja s\u00e4hk\u00f6turvallisuus) konsultointi \u00a0\u00a0\u00a0\u00a0\">Konsultation vid typtestning (EMC och els\u00e4kerhet)<br \/>\n<\/span><\/span><\/li>\n<li><span id=\"result_box\" class=\"\" lang=\"en\"><span title=\"Tuotanto-ongelmien selvitt\u00e4minen elektroniikka kokoonpanoissa \">Utredning av problem vid elektronik sammanst\u00e4llningar<br \/>\n<\/span><\/span><\/li>\n<\/ul>\n<h3>Priser<\/h3>\n<p><span id=\"result_box\" class=\"\" lang=\"en\"><span title=\"Riippuen projektin laajuudesta ja kestosta on tuntihintani 50 - 75 \u20ac\/h (alv. 0%) \/ tarjouksen mukaisesti. \">Beroende av projektets omfattning och l\u00e4ngd \u00e4r min timdebitering 50 \u2013 75\u20ac\/h (moms 0%).<\/span><\/span><\/p>\n<h2><span id=\"result_box\" class=\"\" lang=\"en\"><span title=\"Palvelut yritysjohdolle \u00a0\u00a0\u00a0\u00a0\">Tj\u00e4nster f\u00f6r f\u00f6retagsledningen<\/span><\/span><\/h2>\n<h2><span id=\"result_box\" class=\"\" lang=\"en\"><span title=\"Palvelut yritysjohdolle \u00a0\u00a0\u00a0\u00a0\"><img decoding=\"async\" loading=\"lazy\" class=\"alignright wp-image-486 size-medium\" src=\"http:\/\/www.varjo.es\/wp-content\/uploads\/2016\/05\/office-work-7-1238270-1-300x200.jpg\" width=\"300\" height=\"200\" srcset=\"https:\/\/www.varjo.es\/wp-content\/uploads\/2016\/05\/office-work-7-1238270-1-300x200.jpg 300w, https:\/\/www.varjo.es\/wp-content\/uploads\/2016\/05\/office-work-7-1238270-1-768x512.jpg 768w, https:\/\/www.varjo.es\/wp-content\/uploads\/2016\/05\/office-work-7-1238270-1-1024x683.jpg 1024w\" sizes=\"(max-width: 300px) 100vw, 300px\" \/><\/span><\/span><\/h2>\n<ul>\n<li><span id=\"result_box\" class=\"\" lang=\"en\"><span title=\"Henkil\u00f6st\u00f6arviot teollisuuden rektytoinneissa \u00a0\u00a0\u00a0\u00a0\">Utv\u00e4rdering av personal vid industrins rekrytering<\/span><\/span><\/li>\n<li><span id=\"result_box\" class=\"\" lang=\"en\"><span title=\"Johdon konsultointi \u00a0\u00a0\u00a0\u00a0\">Lednings konsultation<\/span><\/span><\/li>\n<li><span id=\"result_box\" class=\"\" lang=\"en\"><span title=\"Markkinakartoitukset \">Marknadskartl\u00e4ggning<\/span><\/span><\/li>\n<\/ul>\n<h3>Priser<\/h3>\n<p>Enligt offert.<\/p>\n<h2>Telefon st\u00f6dtj\u00e4nster<\/h2>\n<h2><img decoding=\"async\" loading=\"lazy\" class=\"alignright wp-image-463 size-medium\" src=\"http:\/\/www.varjo.es\/wp-content\/uploads\/2016\/05\/callcenter-1240345-300x225.jpg\" alt=\"callcenter-1240345\" width=\"300\" height=\"225\" srcset=\"https:\/\/www.varjo.es\/wp-content\/uploads\/2016\/05\/callcenter-1240345-300x225.jpg 300w, https:\/\/www.varjo.es\/wp-content\/uploads\/2016\/05\/callcenter-1240345-768x576.jpg 768w, https:\/\/www.varjo.es\/wp-content\/uploads\/2016\/05\/callcenter-1240345-1024x768.jpg 1024w, https:\/\/www.varjo.es\/wp-content\/uploads\/2016\/05\/callcenter-1240345.jpg 2048w\" sizes=\"(max-width: 300px) 100vw, 300px\" \/><\/h2>\n<ul>\n<li><span id=\"result_box\" class=\"\" lang=\"en\"><span title=\"Tietotekniikkaan ja kommunikointiin liittyv\u00e4t help desk palvelut \u00a0\u00a0\u00a0\u00a0\">Datateknik och kommunikation tillh\u00f6rande help desk tj\u00e4nster (finska och engelska)<br \/>\n<\/span><\/span><\/li>\n<li><span id=\"result_box\" class=\"\" lang=\"en\"><span title=\"Tukis\u00e4hk\u00f6postin seuranta ja niihin vastaaminen \">Uppf\u00f6ljning av e-post st\u00f6d och besvarande av dessa<br \/>\n<\/span><\/span><\/li>\n<\/ul>\n<h3>Priser<\/h3>\n<p>Enligt offert. Fast m\u00e5nadspris vid avtal med minst 6 m\u00e5naders l\u00e4ngd.<\/p>\n","protected":false},"excerpt":{"rendered":"<p>Beg\u00e4r offert p\u00e5 nedanst\u00e5ende tj\u00e4nster! Arbetsspr\u00e5k engelska och finska, Spanska tillsvidare med reservation.<\/p>\n","protected":false},"author":1,"featured_media":0,"parent":0,"menu_order":0,"comment_status":"closed","ping_status":"closed","template":"","meta":[],"_links":{"self":[{"href":"https:\/\/www.varjo.es\/index.php\/wp-json\/wp\/v2\/pages\/619"}],"collection":[{"href":"https:\/\/www.varjo.es\/index.php\/wp-json\/wp\/v2\/pages"}],"about":[{"href":"https:\/\/www.varjo.es\/index.php\/wp-json\/wp\/v2\/types\/page"}],"author":[{"embeddable":true,"href":"https:\/\/www.varjo.es\/index.php\/wp-json\/wp\/v2\/users\/1"}],"replies":[{"embeddable":true,"href":"https:\/\/www.varjo.es\/index.php\/wp-json\/wp\/v2\/comments?post=619"}],"version-history":[{"count":4,"href":"https:\/\/www.varjo.es\/index.php\/wp-json\/wp\/v2\/pages\/619\/revisions"}],"predecessor-version":[{"id":649,"href":"https:\/\/www.varjo.es\/index.php\/wp-json\/wp\/v2\/pages\/619\/revisions\/649"}],"wp:attachment":[{"href":"https:\/\/www.varjo.es\/index.php\/wp-json\/wp\/v2\/media?parent=619"}],"curies":[{"name":"wp","href":"https:\/\/api.w.org\/{rel}","templated":true}]}}